{"id":42,"date":"2016-06-02T10:17:29","date_gmt":"2016-06-02T10:17:29","guid":{"rendered":"http:\/\/bsv-rees-feldmark.de\/?page_id=42"},"modified":"2023-11-01T18:58:22","modified_gmt":"2023-11-01T17:58:22","slug":"koenige","status":"publish","type":"page","link":"https:\/\/bsv-rees-feldmark.de\/?page_id=42","title":{"rendered":"K\u00f6nige"},"content":{"rendered":"<p><span style=\"font-family: arial, helvetica, sans-serif;\">In der Rubrik K\u00f6nige findet Ihr die folgenden Themen:<\/span><\/p>\n<ul>\n<li><span style=\"font-family: arial, helvetica, sans-serif;\">Feldmarker K\u00f6nig\/-in<\/span><\/li>\n<li><span style=\"font-family: arial, helvetica, sans-serif;\">Vizek\u00f6nige<\/span><\/li>\n<li><span style=\"font-family: arial, helvetica, sans-serif;\">Jugnsch\u00fctzenk\u00f6nig\/-in<\/span><\/li>\n<li><span style=\"font-family: arial, helvetica, sans-serif;\">Kinderk\u00f6nig\/-in<\/span><\/li>\n<\/ul>\n<p><span style=\"font-family: arial, helvetica, sans-serif;\">Viel Spa\u00df beim durchlesen w\u00fcnscht der BSV.<\/span><\/p>\n","protected":false},"excerpt":{"rendered":"<p>In der Rubrik K\u00f6nige findet Ihr die folgenden Themen: Feldmarker K\u00f6nig\/-in Vizek\u00f6nige Jugnsch\u00fctzenk\u00f6nig\/-in Kinderk\u00f6nig\/-in Viel Spa\u00df beim durchlesen w\u00fcnscht der BSV.<\/p>\n","protected":false},"author":1,"featured_media":0,"parent":0,"menu_order":3,"comment_status":"closed","ping_status":"closed","template":"","meta":{"footnotes":"","_links_to":"","_links_to_target":""},"class_list":["post-42","page","type-page","status-publish","hentry"],"_links":{"self":[{"href":"https:\/\/bsv-rees-feldmark.de\/index.php?rest_route=\/wp\/v2\/pages\/42","targetHints":{"allow":["GET"]}}],"collection":[{"href":"https:\/\/bsv-rees-feldmark.de\/index.php?rest_route=\/wp\/v2\/pages"}],"about":[{"href":"https:\/\/bsv-rees-feldmark.de\/index.php?rest_route=\/wp\/v2\/types\/page"}],"author":[{"embeddable":true,"href":"https:\/\/bsv-rees-feldmark.de\/index.php?rest_route=\/wp\/v2\/users\/1"}],"replies":[{"embeddable":true,"href":"https:\/\/bsv-rees-feldmark.de\/index.php?rest_route=%2Fwp%2Fv2%2Fcomments&post=42"}],"version-history":[{"count":4,"href":"https:\/\/bsv-rees-feldmark.de\/index.php?rest_route=\/wp\/v2\/pages\/42\/revisions"}],"predecessor-version":[{"id":2594,"href":"https:\/\/bsv-rees-feldmark.de\/index.php?rest_route=\/wp\/v2\/pages\/42\/revisions\/2594"}],"wp:attachment":[{"href":"https:\/\/bsv-rees-feldmark.de\/index.php?rest_route=%2Fwp%2Fv2%2Fmedia&parent=42"}],"curies":[{"name":"wp","href":"https:\/\/api.w.org\/{rel}","templated":true}]}}