{"id":113,"date":"2016-06-02T10:56:28","date_gmt":"2016-06-02T10:56:28","guid":{"rendered":"http:\/\/bsv-rees-feldmark.de\/?page_id=113"},"modified":"2025-11-01T18:39:15","modified_gmt":"2025-11-01T17:39:15","slug":"jungschuetzenkoenig-in","status":"publish","type":"page","link":"https:\/\/bsv-rees-feldmark.de\/?page_id=113","title":{"rendered":"Jungsch\u00fctzenk\u00f6nig\/-in"},"content":{"rendered":"<p style=\"text-align: center;\"><span style=\"font-family: arial, helvetica, sans-serif;\">Jungsch\u00fctzenk\u00f6nige\/-k\u00f6niginnen des B\u00fcrgersch\u00fctzenvereins Rees-Feldmark, Groin<br \/>\nund Bergswick e. V.<\/span><\/p>\n<p><span style=\"font-size: 8pt; font-family: arial, helvetica, sans-serif;\">* gem\u00e4\u00df eingereichter Einwilligungserkl\u00e4rung DSGVO d\u00fcrfen die Daten nicht ver\u00f6ffentlicht werden.\u00a0<\/span><\/p>\n<table style=\"height: 987px;\" width=\"533\">\n<tbody>\n<tr style=\"height: 21px;\">\n<td style=\"height: 21px;\" width=\"35\"><span style=\"font-family: arial, helvetica, sans-serif;\"><strong><u>Jahr<\/u><\/strong><\/span><\/td>\n<td style=\"height: 21px;\" width=\"244\"><span style=\"font-family: arial, helvetica, sans-serif;\"><strong><u>K\u00f6nig<\/u><\/strong><\/span><\/td>\n<td style=\"height: 21px;\" width=\"254\"><span style=\"font-family: arial, helvetica, sans-serif;\"><strong><u>K\u00f6nigin<\/u><\/strong><\/span><\/td>\n<\/tr>\n<tr style=\"height: 21px;\">\n<td style=\"height: 21px;\"><span style=\"font-family: arial, helvetica, sans-serif;\">2025<\/span><\/td>\n<td style=\"height: 21px;\"><span style=\"font-family: arial, helvetica, sans-serif;\">Senaid Mehremic<\/span><\/td>\n<td style=\"height: 21px;\"><\/td>\n<\/tr>\n<tr style=\"height: 21px;\">\n<td style=\"height: 21px;\" width=\"35\"><span style=\"font-family: arial, helvetica, sans-serif;\">2024<\/span><\/td>\n<td style=\"height: 21px;\" width=\"244\"><\/td>\n<td style=\"height: 21px;\" width=\"254\"><span style=\"font-family: arial, helvetica, sans-serif;\">Emely H\u00fchner<\/span><\/td>\n<\/tr>\n<tr style=\"height: 21px;\">\n<td style=\"height: 21px;\"><span style=\"font-family: arial, helvetica, sans-serif;\">2023<\/span><\/td>\n<td style=\"height: 21px;\"><span style=\"font-family: arial, helvetica, sans-serif;\">Sven Ziegler<\/span><\/td>\n<td style=\"height: 21px;\"><\/td>\n<\/tr>\n<tr style=\"height: 21px;\">\n<td style=\"height: 21px;\"><span style=\"font-family: arial, helvetica, sans-serif;\">2022<br \/>\n<\/span><\/td>\n<td style=\"height: 21px;\"><span style=\"font-family: arial, helvetica, sans-serif;\">Noah Sommer<br \/>\n<\/span><\/td>\n<td style=\"height: 21px;\"><\/td>\n<\/tr>\n<tr style=\"height: 21px;\">\n<td style=\"height: 21px;\"><span style=\"font-family: arial, helvetica, sans-serif;\">2019<\/span><\/td>\n<td style=\"height: 21px;\"><span style=\"font-family: arial, helvetica, sans-serif;\">Alexandar-Ammar Mehremic<\/span><\/td>\n<td style=\"height: 21px;\"><\/td>\n<\/tr>\n<tr style=\"height: 21px;\">\n<td style=\"height: 21px;\" width=\"35\"><span style=\"font-family: arial, helvetica, sans-serif;\">2018<\/span><\/td>\n<td style=\"height: 21px;\" width=\"244\"><span style=\"font-family: arial, helvetica, sans-serif;\">Julian Booms<\/span><\/td>\n<td style=\"height: 21px;\" width=\"254\"><\/td>\n<\/tr>\n<tr style=\"height: 21px;\">\n<td style=\"height: 21px;\" width=\"35\"><span style=\"font-family: arial, helvetica, sans-serif;\">2017<\/span><\/td>\n<td style=\"height: 21px;\" width=\"244\"><span style=\"font-family: arial, helvetica, sans-serif;\">Mario Wynhoven<\/span><\/td>\n<td style=\"height: 21px;\" width=\"254\"><\/td>\n<\/tr>\n<tr style=\"height: 21px;\">\n<td style=\"height: 21px;\" width=\"35\"><span style=\"font-family: arial, helvetica, sans-serif;\">2016<\/span><\/td>\n<td style=\"height: 21px;\" width=\"244\"><\/td>\n<td style=\"height: 21px;\" width=\"254\"><span style=\"font-family: arial, helvetica, sans-serif;\">Michelle Bo\u00dfmann<\/span><\/td>\n<\/tr>\n<tr style=\"height: 21px;\">\n<td style=\"height: 21px;\" width=\"35\"><span style=\"font-family: arial, helvetica, sans-serif;\">2015<\/span><\/td>\n<td style=\"height: 21px;\" width=\"244\"><\/td>\n<td style=\"height: 21px;\" width=\"254\"><span style=\"font-family: arial, helvetica, sans-serif;\">Christin Mai<\/span><\/td>\n<\/tr>\n<tr style=\"height: 21px;\">\n<td style=\"height: 21px;\" width=\"35\"><span style=\"font-family: arial, helvetica, sans-serif;\">2014<\/span><\/td>\n<td style=\"height: 21px;\" width=\"244\"><span style=\"font-family: arial, helvetica, sans-serif;\">Sascha Hermsen<\/span><\/td>\n<td style=\"height: 21px;\" width=\"254\"><\/td>\n<\/tr>\n<tr style=\"height: 21px;\">\n<td style=\"height: 21px;\" width=\"35\"><span style=\"font-family: arial, helvetica, sans-serif;\">2013<\/span><\/td>\n<td style=\"height: 21px;\" width=\"244\"><span style=\"font-family: arial, helvetica, sans-serif;\">Patrick Heiliger<\/span><\/td>\n<td style=\"height: 21px;\" width=\"254\"><\/td>\n<\/tr>\n<tr style=\"height: 21px;\">\n<td style=\"height: 21px;\" width=\"35\"><span style=\"font-family: arial, helvetica, sans-serif;\">2012<\/span><\/td>\n<td style=\"height: 21px;\" width=\"244\"><\/td>\n<td style=\"height: 21px;\" width=\"254\"><span style=\"font-family: arial, helvetica, sans-serif;\">Annkatrin Braem<\/span><\/td>\n<\/tr>\n<tr style=\"height: 21px;\">\n<td style=\"height: 21px;\" width=\"35\"><span style=\"font-family: arial, helvetica, sans-serif;\">2011<\/span><\/td>\n<td style=\"height: 21px;\" width=\"244\"><span style=\"font-family: arial, helvetica, sans-serif;\">Andre Vos<\/span><\/td>\n<td style=\"height: 21px;\" width=\"254\"><\/td>\n<\/tr>\n<tr style=\"height: 21px;\">\n<td style=\"height: 21px;\" width=\"35\"><span style=\"font-family: arial, helvetica, sans-serif;\">2010<\/span><\/td>\n<td style=\"height: 21px;\" width=\"244\"><\/td>\n<td style=\"height: 21px;\" width=\"254\"><span style=\"font-family: arial, helvetica, sans-serif;\">Nicoletta Raaf<\/span><\/td>\n<\/tr>\n<tr style=\"height: 21px;\">\n<td style=\"height: 21px;\" width=\"35\"><span style=\"font-family: arial, helvetica, sans-serif;\">2009<\/span><\/td>\n<td style=\"height: 21px;\" width=\"244\"><span style=\"font-family: arial, helvetica, sans-serif;\">Sebastian Hegmann<\/span><\/td>\n<td style=\"height: 21px;\" width=\"254\"><\/td>\n<\/tr>\n<tr style=\"height: 21px;\">\n<td style=\"height: 21px;\" width=\"35\"><span style=\"font-family: arial, helvetica, sans-serif;\">2008<\/span><\/td>\n<td style=\"height: 21px;\" width=\"244\"><span style=\"font-family: arial, helvetica, sans-serif;\">Mike Siegers<\/span><\/td>\n<td style=\"height: 21px;\" width=\"254\"><\/td>\n<\/tr>\n<tr style=\"height: 21px;\">\n<td style=\"height: 21px;\" width=\"35\"><span style=\"font-family: arial, helvetica, sans-serif;\">2007<\/span><\/td>\n<td style=\"height: 21px;\" width=\"244\"><span style=\"font-family: arial, helvetica, sans-serif;\">Jens Porten<\/span><\/td>\n<td style=\"height: 21px;\" width=\"254\"><\/td>\n<\/tr>\n<tr style=\"height: 21px;\">\n<td style=\"height: 21px;\" width=\"35\"><span style=\"font-family: arial, helvetica, sans-serif;\">2006<\/span><\/td>\n<td style=\"height: 21px;\" width=\"244\"><span style=\"font-family: arial, helvetica, sans-serif;\">Lena Scholten<\/span><\/td>\n<td style=\"height: 21px;\" width=\"254\"><\/td>\n<\/tr>\n<tr style=\"height: 21px;\">\n<td style=\"height: 21px;\" width=\"35\"><span style=\"font-family: arial, helvetica, sans-serif;\">2005<\/span><\/td>\n<td style=\"height: 21px;\" width=\"244\"><span style=\"font-family: arial, helvetica, sans-serif;\">Hein van Alst<\/span><\/td>\n<td style=\"height: 21px;\" width=\"254\"><\/td>\n<\/tr>\n<tr style=\"height: 21px;\">\n<td style=\"height: 21px;\" width=\"35\"><span style=\"font-family: arial, helvetica, sans-serif;\">2004<\/span><\/td>\n<td style=\"height: 21px;\" width=\"244\"><span style=\"font-family: arial, helvetica, sans-serif;\">Jahn Sch\u00fcppel<\/span><\/td>\n<td style=\"height: 21px;\" width=\"254\"><\/td>\n<\/tr>\n<tr style=\"height: 21px;\">\n<td style=\"height: 21px;\" width=\"35\"><span style=\"font-family: arial, helvetica, sans-serif;\">2003<\/span><\/td>\n<td style=\"height: 21px;\" width=\"244\"><span style=\"font-family: arial, helvetica, sans-serif;\">Andre Schlebusch<\/span><\/td>\n<td style=\"height: 21px;\" width=\"254\"><\/td>\n<\/tr>\n<tr style=\"height: 21px;\">\n<td style=\"height: 21px;\" width=\"35\"><span style=\"font-family: arial, helvetica, sans-serif;\">2002<\/span><\/td>\n<td style=\"height: 21px;\" width=\"244\"><span style=\"font-family: arial, helvetica, sans-serif;\">Christian Keim<\/span><\/td>\n<td style=\"height: 21px;\" width=\"254\"><\/td>\n<\/tr>\n<tr style=\"height: 21px;\">\n<td style=\"height: 21px;\" width=\"35\"><span style=\"font-family: arial, helvetica, sans-serif;\">2001<\/span><\/td>\n<td style=\"height: 21px;\" width=\"244\"><span style=\"font-family: arial, helvetica, sans-serif;\">Sandra Arendsen<\/span><\/td>\n<td style=\"height: 21px;\" width=\"254\"><\/td>\n<\/tr>\n<tr style=\"height: 21px;\">\n<td style=\"height: 21px;\" width=\"35\"><span style=\"font-family: arial, helvetica, sans-serif;\">2000<\/span><\/td>\n<td style=\"height: 21px;\" width=\"244\"><span style=\"font-family: arial, helvetica, sans-serif;\">Christian Arendsen<\/span><\/td>\n<td style=\"height: 21px;\" width=\"254\"><\/td>\n<\/tr>\n<tr style=\"height: 21px;\">\n<td style=\"height: 21px;\" width=\"35\"><span style=\"font-family: arial, helvetica, sans-serif;\">1999<\/span><\/td>\n<td style=\"height: 21px;\" width=\"244\"><span style=\"font-family: arial, helvetica, sans-serif;\">Daniel H\u00f6rig<\/span><\/td>\n<td style=\"height: 21px;\" width=\"254\"><\/td>\n<\/tr>\n<tr style=\"height: 21px;\">\n<td style=\"height: 21px;\" width=\"35\"><span style=\"font-family: arial, helvetica, sans-serif;\">1998<\/span><\/td>\n<td style=\"height: 21px;\" width=\"244\"><span style=\"font-family: arial, helvetica, sans-serif;\">Andr\u00e8 Zittlau<\/span><\/td>\n<td style=\"height: 21px;\" width=\"254\"><\/td>\n<\/tr>\n<tr style=\"height: 21px;\">\n<td style=\"height: 21px;\" width=\"35\"><span style=\"font-family: arial, helvetica, sans-serif;\">1997<\/span><\/td>\n<td style=\"height: 21px;\" width=\"244\"><\/td>\n<td style=\"height: 21px;\" width=\"254\"><span style=\"font-family: arial, helvetica, sans-serif;\">Britta M\u00fcller<strong> &#8211; erste K\u00f6nigin<\/strong><\/span><\/td>\n<\/tr>\n<tr style=\"height: 21px;\">\n<td style=\"height: 21px;\" width=\"35\"><span style=\"font-family: arial, helvetica, sans-serif;\">1996<\/span><\/td>\n<td style=\"height: 21px;\" width=\"244\"><span style=\"font-family: arial, helvetica, sans-serif;\">Uwe Fischdick<\/span><\/td>\n<td style=\"height: 21px;\" width=\"254\"><\/td>\n<\/tr>\n<tr style=\"height: 21px;\">\n<td style=\"height: 21px;\" width=\"35\"><span style=\"font-family: arial, helvetica, sans-serif;\">1995<\/span><\/td>\n<td style=\"height: 21px;\" width=\"244\"><span style=\"font-family: arial, helvetica, sans-serif;\">Karsten Nienhuysen<\/span><\/td>\n<td style=\"height: 21px;\" width=\"254\"><\/td>\n<\/tr>\n<tr style=\"height: 21px;\">\n<td style=\"height: 21px;\" width=\"35\"><span style=\"font-family: arial, helvetica, sans-serif;\">1994<\/span><\/td>\n<td style=\"height: 21px;\" width=\"244\"><span style=\"font-family: arial, helvetica, sans-serif;\">Daniel Huying &#8211; <strong>25 j\u00e4hriges Jubil\u00e4um<\/strong><\/span><\/td>\n<td style=\"height: 21px;\" width=\"254\"><\/td>\n<\/tr>\n<tr style=\"height: 21px;\">\n<td style=\"height: 21px;\" width=\"35\"><span style=\"font-family: arial, helvetica, sans-serif;\">1993<\/span><\/td>\n<td style=\"height: 21px;\" width=\"244\"><span style=\"font-family: arial, helvetica, sans-serif;\">Andr\u00e8 Konst<\/span><\/td>\n<td style=\"height: 21px;\" width=\"254\"><span style=\"font-family: arial, helvetica, sans-serif;\">Marion Diederichs<\/span><\/td>\n<\/tr>\n<tr style=\"height: 21px;\">\n<td style=\"height: 21px;\" width=\"35\"><span style=\"font-family: arial, helvetica, sans-serif;\">1992<\/span><\/td>\n<td style=\"height: 21px;\" width=\"244\"><span style=\"font-family: arial, helvetica, sans-serif;\">Peter H\u00fchner<\/span><\/td>\n<td style=\"height: 21px;\" width=\"254\"><span style=\"font-family: arial, helvetica, sans-serif;\">Birgit Breitkopf<\/span><\/td>\n<\/tr>\n<tr style=\"height: 21px;\">\n<td style=\"height: 21px;\" width=\"35\"><span style=\"font-family: arial, helvetica, sans-serif;\">1991<\/span><\/td>\n<td style=\"height: 21px;\" width=\"244\"><span style=\"font-family: arial, helvetica, sans-serif;\">*<\/span><\/td>\n<td style=\"height: 21px;\" width=\"254\"><\/td>\n<\/tr>\n<tr style=\"height: 42px;\">\n<td style=\"height: 42px;\" width=\"35\"><span style=\"font-family: arial, helvetica, sans-serif;\">1988<\/span><\/td>\n<td style=\"height: 42px;\" width=\"244\"><span style=\"font-family: arial, helvetica, sans-serif;\">Klaus Schoof T<strong>hronpaare: Thomas Henstra\/Stefanie Brune u. Guido Platzek\/Michaela Trometer<\/strong><\/span><\/td>\n<td style=\"height: 42px;\" width=\"254\"><span style=\"font-family: arial, helvetica, sans-serif;\">Martina Alipa\u00df<\/span><\/td>\n<\/tr>\n<tr style=\"height: 21px;\">\n<td style=\"height: 21px;\" width=\"35\"><span style=\"font-family: arial, helvetica, sans-serif;\">1987<\/span><\/td>\n<td style=\"height: 21px;\" width=\"244\"><span style=\"font-family: arial, helvetica, sans-serif;\">Thomas Henstra <strong>Drei Thronpaare gesellten sich hinzu.<\/strong><\/span><\/td>\n<td style=\"height: 21px;\" width=\"254\"><span style=\"font-family: arial, helvetica, sans-serif;\">Stefanie Brune<\/span><\/td>\n<\/tr>\n<tr style=\"height: 21px;\">\n<td style=\"height: 21px;\" width=\"35\"><span style=\"font-family: arial, helvetica, sans-serif;\">1986<\/span><\/td>\n<td style=\"height: 21px;\" width=\"244\"><span style=\"font-family: arial, helvetica, sans-serif;\">J\u00f6rg Arens<\/span><\/td>\n<td style=\"height: 21px;\" width=\"254\"><\/td>\n<\/tr>\n<tr style=\"height: 21px;\">\n<td style=\"height: 21px;\" width=\"35\"><span style=\"font-family: arial, helvetica, sans-serif;\">1985<\/span><\/td>\n<td style=\"height: 21px;\" width=\"244\"><span style=\"font-family: arial, helvetica, sans-serif;\">Thomas Volbracht<\/span><\/td>\n<td style=\"height: 21px;\" width=\"254\"><\/td>\n<\/tr>\n<tr style=\"height: 21px;\">\n<td style=\"height: 21px;\" width=\"35\"><span style=\"font-family: arial, helvetica, sans-serif;\">1984<\/span><\/td>\n<td style=\"height: 21px;\" width=\"244\"><span style=\"font-family: arial, helvetica, sans-serif;\">Ingo Vennemann<\/span><\/td>\n<td style=\"height: 21px;\" width=\"254\"><\/td>\n<\/tr>\n<tr style=\"height: 21px;\">\n<td style=\"height: 21px;\" width=\"35\"><span style=\"font-family: arial, helvetica, sans-serif;\">1983<\/span><\/td>\n<td style=\"height: 21px;\" width=\"244\"><span style=\"font-family: arial, helvetica, sans-serif;\">Guido Platzek<\/span><\/td>\n<td style=\"height: 21px;\" width=\"254\"><\/td>\n<\/tr>\n<tr style=\"height: 21px;\">\n<td style=\"height: 21px;\" width=\"35\"><span style=\"font-family: arial, helvetica, sans-serif;\">1982<\/span><\/td>\n<td style=\"height: 21px;\" width=\"244\"><span style=\"font-family: arial, helvetica, sans-serif;\">Johannes M\u00f6llmann<\/span><\/td>\n<td style=\"height: 21px;\" width=\"254\"><\/td>\n<\/tr>\n<tr style=\"height: 21px;\">\n<td style=\"height: 21px;\" width=\"35\"><span style=\"font-family: arial, helvetica, sans-serif;\">1981<\/span><\/td>\n<td style=\"height: 21px;\" width=\"244\"><span style=\"font-family: arial, helvetica, sans-serif;\">Hans-Dieter Meyer<\/span><\/td>\n<td style=\"height: 21px;\" width=\"254\"><\/td>\n<\/tr>\n<tr style=\"height: 21px;\">\n<td style=\"height: 21px;\" width=\"35\"><span style=\"font-family: arial, helvetica, sans-serif;\">1980<\/span><\/td>\n<td style=\"height: 21px;\" width=\"244\"><span style=\"font-family: arial, helvetica, sans-serif;\">Hans-Peter Knist<\/span><\/td>\n<td style=\"height: 21px;\" width=\"254\"><\/td>\n<\/tr>\n<tr style=\"height: 21px;\">\n<td style=\"height: 21px;\" width=\"35\"><span style=\"font-family: arial, helvetica, sans-serif;\">1979<\/span><\/td>\n<td style=\"height: 21px;\" width=\"244\"><span style=\"font-family: arial, helvetica, sans-serif;\">Bruno Hegmann<\/span><\/td>\n<td style=\"height: 21px;\" width=\"254\"><\/td>\n<\/tr>\n<tr style=\"height: 21px;\">\n<td style=\"height: 21px;\" width=\"35\"><span style=\"font-family: arial, helvetica, sans-serif;\">1978<\/span><\/td>\n<td style=\"height: 21px;\" width=\"244\"><span style=\"font-family: arial, helvetica, sans-serif;\">Rainer Trometer<\/span><\/td>\n<td style=\"height: 21px;\" width=\"254\"><\/td>\n<\/tr>\n<tr style=\"height: 21px;\">\n<td style=\"height: 21px;\" width=\"35\"><span style=\"font-family: arial, helvetica, sans-serif;\">1977<\/span><\/td>\n<td style=\"height: 21px;\" width=\"244\"><span style=\"font-family: arial, helvetica, sans-serif;\">Klaus Knist<\/span><\/td>\n<td style=\"height: 21px;\" width=\"254\"><\/td>\n<\/tr>\n<tr style=\"height: 21px;\">\n<td style=\"height: 21px;\" width=\"35\"><span style=\"font-family: arial, helvetica, sans-serif;\">1976<\/span><\/td>\n<td style=\"height: 21px;\" width=\"244\"><span style=\"font-family: arial, helvetica, sans-serif;\">Jochen Fink<\/span><\/td>\n<td style=\"height: 21px;\" width=\"254\"><\/td>\n<\/tr>\n<tr style=\"height: 21px;\">\n<td style=\"height: 21px;\" width=\"35\"><span style=\"font-family: arial, helvetica, sans-serif;\">1975<\/span><\/td>\n<td style=\"height: 21px;\" width=\"244\"><span style=\"font-family: arial, helvetica, sans-serif;\">Lothar Krebs<\/span><\/td>\n<td style=\"height: 21px;\" width=\"254\"><\/td>\n<\/tr>\n<\/tbody>\n<\/table>\n<p><\/p>\n","protected":false},"excerpt":{"rendered":"<p>Jungsch\u00fctzenk\u00f6nige\/-k\u00f6niginnen des B\u00fcrgersch\u00fctzenvereins Rees-Feldmark, Groin und Bergswick e. V. * gem\u00e4\u00df eingereichter Einwilligungserkl\u00e4rung DSGVO d\u00fcrfen die Daten nicht ver\u00f6ffentlicht werden.\u00a0 Jahr K\u00f6nig K\u00f6nigin 2025 Senaid Mehremic 2024 Emely H\u00fchner 2023 Sven Ziegler 2022 Noah Sommer 2019 Alexandar-Ammar Mehremic 2018 Julian<\/p>\n","protected":false},"author":1,"featured_media":0,"parent":42,"menu_order":3,"comment_status":"closed","ping_status":"closed","template":"","meta":{"footnotes":"","_links_to":"","_links_to_target":""},"class_list":["post-113","page","type-page","status-publish","hentry"],"_links":{"self":[{"href":"https:\/\/bsv-rees-feldmark.de\/index.php?rest_route=\/wp\/v2\/pages\/113","targetHints":{"allow":["GET"]}}],"collection":[{"href":"https:\/\/bsv-rees-feldmark.de\/index.php?rest_route=\/wp\/v2\/pages"}],"about":[{"href":"https:\/\/bsv-rees-feldmark.de\/index.php?rest_route=\/wp\/v2\/types\/page"}],"author":[{"embeddable":true,"href":"https:\/\/bsv-rees-feldmark.de\/index.php?rest_route=\/wp\/v2\/users\/1"}],"replies":[{"embeddable":true,"href":"https:\/\/bsv-rees-feldmark.de\/index.php?rest_route=%2Fwp%2Fv2%2Fcomments&post=113"}],"version-history":[{"count":13,"href":"https:\/\/bsv-rees-feldmark.de\/index.php?rest_route=\/wp\/v2\/pages\/113\/revisions"}],"predecessor-version":[{"id":3005,"href":"https:\/\/bsv-rees-feldmark.de\/index.php?rest_route=\/wp\/v2\/pages\/113\/revisions\/3005"}],"up":[{"embeddable":true,"href":"https:\/\/bsv-rees-feldmark.de\/index.php?rest_route=\/wp\/v2\/pages\/42"}],"wp:attachment":[{"href":"https:\/\/bsv-rees-feldmark.de\/index.php?rest_route=%2Fwp%2Fv2%2Fmedia&parent=113"}],"curies":[{"name":"wp","href":"https:\/\/api.w.org\/{rel}","templated":true}]}}